{"id":165,"date":"2016-12-08T14:41:01","date_gmt":"2016-12-08T11:41:01","guid":{"rendered":"http:\/\/twt.com.tr\/?page_id=165"},"modified":"2016-12-08T14:41:01","modified_gmt":"2016-12-08T11:41:01","slug":"derya-karli-hakkinda","status":"publish","type":"page","link":"http:\/\/twt.com.tr\/index.php\/derya-karli-hakkinda\/","title":{"rendered":"Derya KARLI Hakk\u0131nda"},"content":{"rendered":"<p><b><i>\u00a0 \u00a0\u00a0<\/i><\/b>1983 Bursa do\u011fumlu olan <strong>Derya KARLI<\/strong>. Dumlup\u0131nar \u00dcniversitesi Makina \u00d6\u011fretmenli\u011fi \u00a0mezunudur. Mayzen Otomotiv, \u00d6zteknik Otomat Firmalar\u0131nda Kalite ve Planlama Y\u00f6neticili\u011fi yapt\u0131ktan sonra 2006 da YPS Otomotiv de Kalite M\u00fc\u015fteri Temsilcili\u011fi yaparak hem yurt d\u0131\u015f\u0131 m\u00fc\u015fteriler ile \u00e7al\u0131\u015farak onlar\u0131n beklentilerini \u00f6\u011frenip hem de Yal\u0131n \u00dcretim Sistemleri ile tan\u0131\u015fm\u0131\u015ft\u0131r. Kalite Mod\u00fcl\u00fcndeki uygulamalarda liderlik yapm\u0131\u015f, Japon as\u0131ll\u0131 firmalarda yal\u0131n uygulamalar\u0131 g\u00f6zlemleme f\u0131rsat\u0131 bulmu\u015ftur. 2007 y\u0131l\u0131nda Co\u015fkun\u00f6z Metal Form Kalite G\u00fcvence Y\u00f6neticisi olarak g\u00f6reve ba\u015flay\u0131p, Yal\u0131n ve Kalite uygulamalar\u0131n\u0131n tamam\u0131n\u0131 sorumlulu\u011fundaki lokasyon i\u00e7in ba\u015far\u0131yla s\u00fcrd\u00fcrm\u00fc\u015ft\u00fcr. 2010 y\u0131l\u0131nda Co\u015fkun\u00f6z Y\u00f6netimi karar\u0131yla Sat\u0131nalma Departman\u0131 Tedarik\u00e7i De\u011ferlendirme ve Geli\u015ftirme Y\u00f6neticisi \u00a0g\u00f6revine ge\u00e7erek 2016 Nisan Ay\u0131na kadar devam etmi\u015ftir. \u00c7al\u0131\u015fma s\u00fcresi boyunca kalite, yal\u0131n \u00fcretim, planlama, ki\u015fisel geli\u015fim alanlar\u0131nda bir\u00e7ok e\u011fitime kat\u0131larak edindi\u011fi bilgileri, firmalar\u0131n geli\u015fim plan\u0131n\u0131 olu\u015fturup ger\u00e7ekle\u015ftirirken kullanm\u0131\u015ft\u0131r.<\/p>\n<p>Co\u015fkun\u00f6z Holding kapsam\u0131nda y\u00fcr\u00fct\u00fclen Tedarik\u00e7i Yal\u0131n Liderlik Sertifikasyon Program\u0131n\u0131n, Program tasar\u0131mc\u0131l\u0131\u011f\u0131n\u0131 ve y\u00f6neticili\u011fini ger\u00e7ekle\u015ftirip, Holding baz\u0131nda yap\u0131lan t\u00fcm yal\u0131n faaliyet i\u00e7erikli \u00e7al\u0131\u015ftaylarda aktif rol alm\u0131\u015ft\u0131r, bir\u00e7ok alanda i\u00e7 e\u011fitmenlik yetkinli\u011fine sahiptir. Kalder de e\u011fitmen olarak g\u00f6rev alm\u0131\u015ft\u0131r.<\/p>\n<p style=\"padding-left: 30px;\">May\u0131s 2016 dan itibaren kurucusu oldu\u011fu TWT A\u015e de, tecr\u00fcbelerini daha \u00e7ok firma ile payla\u015fmak ad\u0131na Yal\u0131n \u00dcretim konusunda Dan\u0131\u015fmanl\u0131k yapmakla birlikte \u0130ran ile ticaret yapmak isteyen firmalara sat\u0131\u015f a\u011f\u0131 sunmaktad\u0131r.<\/p>\n<p>&nbsp;<\/p>\n<p><u>Ba\u015fl\u0131ca Sertifika ve E\u011fitimler;<\/u><\/p>\n<ul>\n<li>Yal\u0131n Liderlik Sertifikasyon Program\u0131 Ba\u015far\u0131 Sertifikas\u0131<\/li>\n<\/ul>\n<p>(OHIO States Unv. MBOE program\u0131 T\u00fcrkiye versiyonu 04.2010 \u2013 02.2011 \/ Ali R\u0131za Y\u00f6nel)<\/p>\n<ul>\n<li>\u00c7ok Boyutlu Liderlik E\u011fitimi Ba\u015far\u0131 Sertifikas\u0131<\/li>\n<\/ul>\n<p>(Blanchard Companies \u2013 03.2012- 2 g\u00fcn\/ Nesim Levi)<\/p>\n<ul>\n<li>Sunum Teknikleri E\u011fitimi Ba\u015far\u0131 Sertifikas\u0131<\/li>\n<\/ul>\n<p>(TMI \u2013 2012 \u2013 2 g\u00fcn )<\/p>\n<ul>\n<li>TS 16949 Kalite Y\u00f6netim Sistemi ve \u0130\u00e7 Tetkik\u00e7i Sertifikas\u0131<\/li>\n<\/ul>\n<p>(BVQI \u2013 2006 \u2013 3 g\u00fcn)<\/p>\n<ul>\n<li>ISO 14001 \u00c7evre Y\u00f6netim Sistemi ve \u0130\u00e7 Tetkik\u00e7i Sertifikas\u0131<\/li>\n<\/ul>\n<p>(NOSAB \u2013 2006 \u2013 2 g\u00fcn)<\/p>\n<ul>\n<li>ISO 14001 ve OHSAS 18001 Entegre \u0130\u00e7 Tetkik\u00e7i Ba\u015far\u0131 Sertifikas\u0131<\/li>\n<\/ul>\n<p>(Co\u015fkun\u00f6z Metal Form \u2013 05. 2012 \u2013 2 g\u00fcn)<\/p>\n<ul>\n<li>ISO 27001 Bilgi G\u00fcvenli\u011fi Y\u00f6netim Sistemleri \u0130\u00e7 Denet\u00e7i Sertifikas\u0131<\/li>\n<\/ul>\n<p>(Bureau Veritas &#8211; 07.2015- 3 g\u00fcn)<\/p>\n<p>&nbsp;<\/p>\n","protected":false},"excerpt":{"rendered":"<p>\u00a0 \u00a0\u00a01983 Bursa do\u011fumlu olan Derya KARLI. Dumlup\u0131nar \u00dcniversitesi Makina \u00d6\u011fretmenli\u011fi \u00a0mezunudur. Mayzen Otomotiv, \u00d6zteknik Otomat Firmalar\u0131nda Kalite ve Planlama Y\u00f6neticili\u011fi yapt\u0131ktan sonra 2006 da YPS Otomotiv de Kalite M\u00fc\u015fteri Temsilcili\u011fi yaparak hem yurt d\u0131\u015f\u0131 m\u00fc\u015fteriler ile \u00e7al\u0131\u015farak onlar\u0131n beklentilerini<\/p>\n","protected":false},"author":1,"featured_media":0,"parent":0,"menu_order":0,"comment_status":"closed","ping_status":"closed","template":"","meta":[],"_links":{"self":[{"href":"http:\/\/twt.com.tr\/index.php\/wp-json\/wp\/v2\/pages\/165"}],"collection":[{"href":"http:\/\/twt.com.tr\/index.php\/wp-json\/wp\/v2\/pages"}],"about":[{"href":"http:\/\/twt.com.tr\/index.php\/wp-json\/wp\/v2\/types\/page"}],"author":[{"embeddable":true,"href":"http:\/\/twt.com.tr\/index.php\/wp-json\/wp\/v2\/users\/1"}],"replies":[{"embeddable":true,"href":"http:\/\/twt.com.tr\/index.php\/wp-json\/wp\/v2\/comments?post=165"}],"version-history":[{"count":1,"href":"http:\/\/twt.com.tr\/index.php\/wp-json\/wp\/v2\/pages\/165\/revisions"}],"predecessor-version":[{"id":167,"href":"http:\/\/twt.com.tr\/index.php\/wp-json\/wp\/v2\/pages\/165\/revisions\/167"}],"wp:attachment":[{"href":"http:\/\/twt.com.tr\/index.php\/wp-json\/wp\/v2\/media?parent=165"}],"curies":[{"name":"wp","href":"https:\/\/api.w.org\/{rel}","templated":true}]}}